rue
Let j = -1969 - -2805. Is 44 a factor of j?
True
Let v = 290 + 193. Does 7 divide v?
True
Let b = 1789 + -1065. Is b a multiple of 17?
False
Let f(l) = -l**2 - 5*l - 2. Let u be f(-3). Suppose 4*z + u = 8*z. Is 4 a factor of z - 4 - (0 + -19)?
True
Suppose h - 7*h + 8694 = 0. Is h a multiple of 49?
False
Let v(p) = 12 - 13 - 15*p - 12*p. Is v(-2) a multiple of 29?
False
Suppose 50*o = 57*o - 1323. Is o a multiple of 13?
False
Suppose 0 = -3*u + 3*s + 2091, 67*u - 62*u = -3*s + 3509. Does 35 divide u?
True
Suppose 2*d = -s - 6, -5*s + 12 + 6 = -2*d. Suppose 2*f - s*y - 3*y = 55, -2*f + 70 = -2*y. Does 8 divide f?
True
Does 17 divide 23/8 - 10/(-80) - -821?
False
Let q = -159 + -451. Let v = 940 + q. Does 30 divide v?
True
Suppose -324 - 313 = -13*h. Suppose -46*f - 270 = -h*f. Is 15 a factor of f?
True
Suppose 378 = 4*v - 2254. Suppose 4*c + 5*r = -0*c + v, 4*c - 640 = 4*r. Does 9 divide c?
True
Suppose 0 = -2*k - 3*z + 3207, 2*k - 3*z - 1850 = 1351. Is k a multiple of 15?
False
Let f be (10/6)/(3/(-18)). Is 5 a factor of 15*(f/15)/(-1)?
True
Suppose -p - 264 - 580 = -t, -5*t + 2*p + 4232 = 0. Is 53 a factor of t?
True
Suppose 1 = -c - 3. Let o = -4 - c. Suppose -w + 8 = -o*w. Does 8 divide w?
True
Let j(g) = 37*g - 5. Let m(k) be the third derivative of 55*k**4/12 - 7*k**3/3 - 8*k**2. Let y(c) = -11*j(c) + 4*m(c). Is 7 a factor of y(1)?
False
Suppose 0 = 7*t + 3*t - 4930. Let k = t - 169. Is k a multiple of 18?
True
Suppose 498 + 794 = -3*m + r, 5*r - 25 = 0. Let q be 3/12 + m/(-12). Let v = -5 + q. Is v a multiple of 21?
False
Suppose 71 = 3*r - 265. Suppose 0 = -9*i + 5*i + r. Is 4 a factor of i?
True
Let k be 36*(14/(-63) + 445/18). Let h = k + -629. Is 47 a factor of h?
False
Let m(g) = -g**3 - 12*g**2 + 33*g + 40. Does 10 divide m(-15)?
True
Let m(x) = x**2 + 12*x + 13. Suppose -4*w + 0*w - 44 = 0. Let d be m(w). Is d/(((-4)/(-14))/1) a multiple of 5?
False
Let v(y) = -50*y + 21. Let t = -33 - -29. Is v(t) a multiple of 40?
False
Suppose -3*x = -4*f + 6, -2*f - 2*x - x - 6 = 0. Suppose f = k - 3. Suppose k*v + 30 = 2*t - 0*v, -t + 5*v = -15. Does 5 divide t?
True
Let a(j) be the third derivative of j**5/60 - j**4/4 - j**3/6 - 12*j**2. Let b be a(4). Is 30 a factor of (-272)/b - (-8)/(-36)?
True
Suppose -1 = -3*r - 4. Let s(x) = 3*x + 78. Let b be s(-24). Is r/(2/b) - -23 a multiple of 5?
True
Let t be (-3351)/(-12) - 3/(-4). Let u = -172 + t. Does 21 divide u?
False
Let u(j) = 4*j**2 + 10*j. Let h be u(-4). Does 12 divide (h/(-18))/(2*1/(-72))?
True
Let x(j) = -4*j**2 + 18*j - 21. Let i(f) = 7*f**2 - 35*f + 41. Let r(g) = 3*i(g) + 5*x(g). Suppose -10*k = -4*k - 96. Is 17 a factor of r(k)?
True
Is 26 a factor of 3/1 - (-16 - 59)?
True
Let j(n) = -n**3 - 9*n**2 - 10*n - 6. Let t be j(-8). Let p be 32/t*(-15)/(-2). Suppose 2*x = -x + p. Is x a multiple of 4?
True
Suppose 0*d - 3227 = -3*d - 2*g, 2*g + 5389 = 5*d. Does 40 divide d?
False
Let b = -433 + 438. Suppose -j - 3*o = -3*j + 12, -2*o - 8 = 4*j. Suppose b*w - w - 108 = j. Does 9 divide w?
True
Is 26 a factor of 12 + -11 - (-6)/(-2) - -158?
True
Let d = 80 + -60. Is d + (-3 - 12/(-4)) a multiple of 10?
True
Let l = -51 - -35. Let d = 16 + l. Suppose d = p + 3*p - 148. Does 30 divide p?
False
Let c(f) = 7*f**2 - 6. Let w be c(2). Suppose 24*p - w*p - 156 = 0. Is 10 a factor of p?
False
Let c(g) = -g**3 - 3*g**2 + 7*g + 15. Is 3 a factor of c(-6)?
True
Let f be -1*1/(1/(-2)). Suppose -18*c - 75 = -21*c. Suppose l = 2*s - s + 14, -s + c = f*l. Does 11 divide l?
False
Let b(w) = -41*w - 324. Does 10 divide b(-32)?
False
Let d = 464 - 235. Does 42 divide d?
False
Suppose -52 = -5*n + 3. Suppose 542 = n*f - 173. Is 8 a factor of f?
False
Let m(o) = 107*o + 34. Is 54 a factor of m(1)?
False
Let y(x) be the second derivative of x**4/12 + 5*x**3/6 + 3*x**2/2 + 5*x. Let k be y(-4). Does 8 divide k/(-3) - (-213)/9?
True
Let f be 6 + (-4)/((-4)/(-4)). Suppose 3*l = -f*l - 325. Let o = l - -125. Does 10 divide o?
True
Let p = -20 - -27. Suppose -102 + 32 = -p*h. Does 3 divide h?
False
Suppose -4316 - 240 = -u. Let v be (-2)/(-5) - u/(-10). Suppose 5*b + b - v = 0. Is b a multiple of 14?
False
Let r(x) = 5*x**2 - 3*x**2 - 3*x**2 - 12*x - 2*x + 8. Let v be r(-11). Suppose t + v = 2*t. Is t a multiple of 25?
False
Let w = -7 + -17. Let n = w + 14. Does 10 divide 9 + 4/n*-5?
False
Suppose -102*f + 103*f - 14 = 0. Let g = f + -3. Is 6 a factor of g?
False
Suppose b - 5 = 5*v - v, -4 = -5*b - v. Suppose 2 = -3*c - b, -2*n = 2*c - 148. Is n a multiple of 21?
False
Suppose -i = l - 1 - 10, -l - 5*i - 5 = 0. Suppose n - 12 = -3*b - 2*n, 2*b + 4 = n. Suppose -v + l = -b*v. Does 5 divide v?
True
Suppose 3*u + v - 139 = 0, u - 14 = -2*v + 24. Suppose 2*i = 12 + u. Is i a multiple of 15?
True
Suppose -4*o - 5*y + 2*y = -1649, -25 = 5*y. Does 24 divide o?
False
Suppose -3*y + 2*y - 5*z + 15 = 0, -2*y - 12 = -4*z. Let m(u) = -u**3 - u - 3. Let b be m(y). Is 18 a factor of b/(-9) - 206/(-3)?
False
Let r(l) = 7*l - l**2 + 3*l + 7 + 41 + 6*l. Is 37 a factor of r(9)?
True
Suppose 3*m = 4*x - 5487, -4*x + x + 3*m + 4113 = 0. Does 5 divide x?
False
Let p = 28 - 23. Suppose 3*z - 4 = -3*j + 8, 3*j - p*z = 28. Is 4 a factor of j?
False
Let j(u) = -u**2 + 25*u - 25. Let y be j(26). Let t = y + 123. Is t a multiple of 9?
True
Suppose -h + 2*h - 29 = 0. Let y(a) = 2*a**3 + 16*a**2 - 22*a - 172. Let x be y(-8). Suppose -4*s = c - 0*c - h, 0 = 5*c - x*s - 97. Is c a multiple of 19?
False
Let x = 605 + -352. Does 25 divide x?
False
Suppose 3*d + 264 = 2*q - 0*d, -4*q + 528 = -d. Does 66 divide q?
True
Let c(q) = q**2 - 15*q - 4. Is c(-11) a multiple of 40?
False
Suppose 9*z - 11*z + 40 = 0. Let v = z - -40. Is v a multiple of 14?
False
Suppose -i + 3*i = -70. Let c = 30 + i. Let d = c + 16. Does 3 divide d?
False
Let s = -88 - -90. Suppose -431 = -2*a - 2*a - 5*f, s*a - 203 = -5*f. Is a a multiple of 57?
True
Let h(r) = 3*r**3 - 7*r - 5*r**3 + 9*r**2 + 3*r**3 - 10. Let c be h(-12). Is 17 a factor of c/(-8) - (-4)/16?
False
Let d = -174 - -234. Is 20 a factor of d?
True
Suppose d - 7 = -341. Let f = -480 - d. Let k = 208 + f. Does 23 divide k?
False
Suppose -210 = 19*h - 21*h. Suppose 7*b - h = 441. Does 26 divide b?
True
Let h = 10 + -13. Let o(c) = 6*c**2 + 5. Let j be o(h). Suppose 4*n - j = 37. Does 20 divide n?
False
Does 24 divide ((-84)/(-252))/(1/954)?
False
Let t be (5 - (-378)/24)*4. Suppose 281 = 3*k + t. Does 7 divide k?
False
Let s(j) = -j**2 - j + 4. Let g be s(0). Let z = g + -11. Let x(y) = -14*y. Does 20 divide x(z)?
False
Let g(k) = k**3 - 51*k**2 - 21*k - 150. Does 34 divide g(52)?
True
Does 16 divide -8 - (-3 + (11 - 1184))?
True
Let s(r) = 10*r + 322. Does 7 divide s(54)?
False
Is 1548/8*(-14)/(-3) a multiple of 43?
True
Let t = -776 - -1964. Is t a multiple of 27?
True
Suppose 0 = 5*a - 4576 - 4944. Is 16 a factor of a?
True
Does 25 divide 55/(18225/1818 + -10)?
False
Suppose 4*i = 7 - 3, -3*i - 29 = 4*l. Is 20 a factor of 36*1 - (6 + l)?
False
Let f(d) = -14*d - 9. Let s be f(-3). Let m = 13 + -30. Let j = m + s. Is 5 a factor of j?
False
Let l(t) = -36*t + 12. Let j be l(-9). Suppose -3*u + j = -u. Let w = u - 95. Does 27 divide w?
False
Let w(d) = -d**3 - 17*d**2 - 15*d + 40. Is 8 a factor of w(-16)?
True
Let w(u) = -u**3 + 24*u**2 - 40*u - 40. Does 4 divide w(22)?
True
Suppose -5*y - 541 = -3*w - 8474, 5*y = -4*w + 7926. Does 26 divide y?
True
Let m(x) = -15*x - 11. Let a(c) = -c + 2. Let v(s) = -6*a(s) - m(s). Is v(11) a multiple of 23?
True
Suppose -2745 = -2*u + 3*j + 2*j, 0 = -j + 1. Does 25 divide u?
True
Let j(g) = 2*g + 4 - 1 - 4. Let b be 3 - (5 - 0)*-1. Does 5 divide j(b)?
True
Suppose 3*t - t = 74. Let w = t + -25. Suppose w = -3*k, 3*c - c - 96 = -4*k. Is c a multiple of 14?
True
Let f(t) = 9 + 10*t + 31*t - 4 - 19*t. Let b be f(9). Suppose 4*s - w = b, 26 = 2*s + 3*w - 93. Does 8 divide s?
False
Let d be 1*(-150)/(-14) + 2/7. Let i(m) = -m**3 + 13*m**2 - 4*m - 9. Is i(d) a multiple of 11?
False
Suppose 0 = -4*l - 3*n + 5275, 351 - 1686 = -l - 4*n. Does 10 divide l?
False
Let d(h) be the third derivative of -7/60*h**5 + 0 + 5/6*h**3 + 1/120*h**6 - 1/8*h**4 + 4*h**2 + 0*h. Is 16 a factor of d(8)?
False
Suppose 4*f - 32 = -4*a, 0*a + 2*f + 49 = 3*a. Suppose c = 5*c - 80. Let q = c + a.